{"id":376,"date":"2023-05-04T09:21:06","date_gmt":"2023-05-04T09:21:06","guid":{"rendered":"https:\/\/www.ferienwohnungen-frey.de\/?page_id=376"},"modified":"2023-08-02T19:08:39","modified_gmt":"2023-08-02T19:08:39","slug":"wiedenberg","status":"publish","type":"page","link":"https:\/\/www.ferienwohnungen-frey.de\/Startseite.php\/wohnungen-2\/wiedenberg\/","title":{"rendered":"Wiedenberg"},"content":{"rendered":"\t\t<div data-elementor-type=\"wp-page\" data-elementor-id=\"376\" class=\"elementor elementor-376\">\n\t\t\t\t\t\t<section class=\"elementor-section elementor-top-section elementor-element elementor-element-59d1bce elementor-section-boxed elementor-section-height-default elementor-section-height-default\" data-id=\"59d1bce\" data-element_type=\"section\" data-e-type=\"section\">\n\t\t\t\t\t\t<div class=\"elementor-container elementor-column-gap-default\">\n\t\t\t\t\t<div class=\"elementor-column elementor-col-100 elementor-top-column elementor-element elementor-element-ab476f1\" data-id=\"ab476f1\" data-element_type=\"column\" data-e-type=\"column\">\n\t\t\t<div class=\"elementor-widget-wrap elementor-element-populated\">\n\t\t\t\t\t\t<div class=\"elementor-element elementor-element-7ff5a36 elementor-widget elementor-widget-shortcode\" data-id=\"7ff5a36\" data-element_type=\"widget\" data-e-type=\"widget\" data-widget_type=\"shortcode.default\">\n\t\t\t\t<div class=\"elementor-widget-container\">\n\t\t\t\t\t\t\t<div class=\"elementor-shortcode\">\n<div class=\"wrap plugin-container\">\n\n\t\n\t\n\t<div class=\"vblistcontainer vblistcontainer-list\">\n<ul class=\"vblist\">\n\t<li class=\"room_result\">\n\t\t<div class=\"room_result-inner\">\n\t\t\t<div class=\"vblistroomblock\">\n\t\t\t\t\t\t\t<div class=\"vbimglistdiv\">\n\t\t\t\t\t<a class=\"vbo-roomslist-imglink\" href=\"https:\/\/www.ferienwohnungen-frey.de\/Startseite.php\/zimmer-details\/\">\n\t\t\t\t\t\t<img decoding=\"async\" src=\"https:\/\/www.ferienwohnungen-frey.de\/wp-content\/plugins\/vikbooking\/site\/resources\/uploads\/screenshot_2023-05-04_0811491.jpg\" alt=\"Wiedenberg\" class=\"vblistimg\"\/>\n\t\t\t\t\t<\/a>\n\t\t\t\t\t\t\t\t\t<div class=\"vbmodalrdetails vbo-roomslist-opengallery-cont\">\n\t\t\t\t\t\t<a href=\"javascript: void(0);\" class=\"vbo-roomslist-opengallery\" data-roomid=\"1\"><i class=\"fas fa-camera\"><\/i><\/a>\n\t\t\t\t\t<\/div>\n\t\t\t\t\t<div class=\"vikfx-gallery\" id=\"vikfx-gallery1\" style=\"display: none;\">\n\t\t\t\t\t\t\t\t\t\t\t<a href=\"https:\/\/www.ferienwohnungen-frey.de\/wp-content\/plugins\/vikbooking\/site\/resources\/uploads\/big_27.jpg\" style=\"display: none;\">\n\t\t\t\t\t\t\t<img decoding=\"async\" src=\"https:\/\/www.ferienwohnungen-frey.de\/wp-content\/plugins\/vikbooking\/site\/resources\/uploads\/thumb_27.jpg\" alt=\"27\" title=\"\" style=\"display: none;\"\/>\n\t\t\t\t\t\t<\/a>\n\t\t\t\t\t\t\t\t\t\t\t\t<a href=\"https:\/\/www.ferienwohnungen-frey.de\/wp-content\/plugins\/vikbooking\/site\/resources\/uploads\/big_img_0438.jpg\" style=\"display: none;\">\n\t\t\t\t\t\t\t<img decoding=\"async\" src=\"https:\/\/www.ferienwohnungen-frey.de\/wp-content\/plugins\/vikbooking\/site\/resources\/uploads\/thumb_img_0438.jpg\" alt=\"img_0438\" title=\"\" style=\"display: none;\"\/>\n\t\t\t\t\t\t<\/a>\n\t\t\t\t\t\t\t\t\t\t\t\t<a href=\"https:\/\/www.ferienwohnungen-frey.de\/wp-content\/plugins\/vikbooking\/site\/resources\/uploads\/big_img_0430.jpg\" style=\"display: none;\">\n\t\t\t\t\t\t\t<img decoding=\"async\" src=\"https:\/\/www.ferienwohnungen-frey.de\/wp-content\/plugins\/vikbooking\/site\/resources\/uploads\/thumb_img_0430.jpg\" alt=\"img_0430\" title=\"\" style=\"display: none;\"\/>\n\t\t\t\t\t\t<\/a>\n\t\t\t\t\t\t\t\t\t\t\t\t<a href=\"https:\/\/www.ferienwohnungen-frey.de\/wp-content\/plugins\/vikbooking\/site\/resources\/uploads\/big_dsc07670.jpg\" style=\"display: none;\">\n\t\t\t\t\t\t\t<img decoding=\"async\" src=\"https:\/\/www.ferienwohnungen-frey.de\/wp-content\/plugins\/vikbooking\/site\/resources\/uploads\/thumb_dsc07670.jpg\" alt=\"dsc07670\" title=\"\" style=\"display: none;\"\/>\n\t\t\t\t\t\t<\/a>\n\t\t\t\t\t\t\t\t\t\t\t\t<a href=\"https:\/\/www.ferienwohnungen-frey.de\/wp-content\/plugins\/vikbooking\/site\/resources\/uploads\/big_327screenshot_2023-05-31_153119.jpg\" style=\"display: none;\">\n\t\t\t\t\t\t\t<img decoding=\"async\" src=\"https:\/\/www.ferienwohnungen-frey.de\/wp-content\/plugins\/vikbooking\/site\/resources\/uploads\/thumb_327screenshot_2023-05-31_153119.jpg\" alt=\"327screenshot_2023-05-31_153119\" title=\"\" style=\"display: none;\"\/>\n\t\t\t\t\t\t<\/a>\n\t\t\t\t\t\t\t\t\t\t\t\t<a href=\"https:\/\/www.ferienwohnungen-frey.de\/wp-content\/plugins\/vikbooking\/site\/resources\/uploads\/big_img_7814.jpg\" style=\"display: none;\">\n\t\t\t\t\t\t\t<img decoding=\"async\" src=\"https:\/\/www.ferienwohnungen-frey.de\/wp-content\/plugins\/vikbooking\/site\/resources\/uploads\/thumb_img_7814.jpg\" alt=\"img_7814\" title=\"\" style=\"display: none;\"\/>\n\t\t\t\t\t\t<\/a>\n\t\t\t\t\t\t\t\t\t\t\t<\/div>\n\t\t\t\t\t\t\t\t<\/div>\n\t\t\t\t\t\t\t<div class=\"vbo-info-room\">\n\t\t\t\t\t<div class=\"vbdescrlistdiv\">\n\t\t\t\t\t\t<h4 class=\"vbrowcname\">\n\t\t\t\t\t\t\t<a href=\"https:\/\/www.ferienwohnungen-frey.de\/Startseite.php\/zimmer-details\/\">Wiedenberg<\/a>\n\t\t\t\t\t\t<\/h4>\n\t\t\t\t\t\t<span class=\"vblistroomcat\"><\/span>\n\t\t\t\t\t\t<div class=\"vbrowcdescr\">3-Zimmer-Wohnung im Erdgescho\u00df, 64 qm, bis 5 Personen, behindertenfreundlich.\r\nWohn-\/Esszimmer mit 1 Diwanbett, offene K\u00fcche mit Herd, Backofen, Geschirrsp\u00fclmaschine, voll ausgestattet. 1 abgeschlossenes Schlafzimmer mit Doppelbett, 1 abgeschlossenes Schlafzimmer mit 2 Einzelbetten, je mit Ausgang zur Terrasse. Dusche\/WC mit Handtuchw\u00e4rmer und F\u00f6n. Terrasse mit Zugang zur Liegewiese, Terrassenm\u00f6bel. Kabel-TV, Wlan kostenlos, CD-Radio. 1 Haustier erlaubt auf Anfrage.<\/div>\n\t\t\t\t\t<\/div>\n\t\t\t\t\t\t\t\t\t<div class=\"roomlist_carats\">\n\t\t\t\t\t<div class=\"vbo-room-carats\">\n<span class=\"vbo-room-carat\"><span class=\"vbo-expl\" data-vbo-expl=\"WiFi\"><i class=\"fas fa-wifi vbo-icn-carat vbo-pref-color-text\"><\/i><\/span><\/span>\n<span class=\"vbo-room-carat\"><span class=\"vbo-expl\" data-vbo-expl=\"TV\"><i class=\"fas fa-tv vbo-icn-carat vbo-pref-color-text\"><\/i><\/span><\/span>\n<span class=\"vbo-room-carat\"><span class=\"vbo-expl\" data-vbo-expl=\"Baderaum\"><i class=\"fas fa-bath vbo-icn-carat vbo-pref-color-text\"><\/i><\/span><\/span>\n<span class=\"vbo-room-carat\"><span class=\"vbo-expl\" data-vbo-expl=\"Tiere erlaubt\"><i class=\"fas fa-paw vbo-icn-carat vbo-pref-color-text\"><\/i><\/span><\/span>\n<\/div>\n\t\t\t\t\t<\/div>\n\t\t\t\t\t\t\t\t\t<\/div>\n\t\t\t<\/div>\n\n\t\t\t<div class=\"vbcontdivtot\">\n\t\t\t\t<div class=\"vbdivtot\">\n\t\t\t\t\t<div class=\"vbdivtotinline\">\n\t\t\t\t\t\t<div class=\"vbsrowprice\">\n\t\t\t\t\t\t\t<div class=\"vbrowroomcapacity\">\n\t\t\t\t\t\t\t<i class=\"fas fa-male vbo-pref-color-text\"><\/i><i class=\"fas fa-male vbo-pref-color-text\"><\/i><i class=\"fas fa-male vbo-pref-color-text\"><\/i><i class=\"fas fa-male vbo-pref-color-text\"><\/i><i class=\"fas fa-male vbo-pref-color-text\"><\/i>\t\t\t\t\t\t\t<\/div>\n\t\t\t\t\t\t\t\t\t\t<div class=\"vbsrowpricediv\">\n\t\t\t\t\t\t\t\t<span class=\"room_cost\"><span class=\"vbo_currency\">\u20ac<\/span> <span class=\"vbo_price\">75<\/span><\/span>\n\t\t\t\t\t\t\t\t<span class=\"vbliststartfrom\">pro Nacht<\/span>\n\t\t\t\t\t\t\t\t\t\t\t\t\t\t\t<\/div>\n\t\t\t\t\t\t\n\t\t\t\t\t\t<\/div>\n\t\t\t\t\t\t<div class=\"vbselectordiv\">\n\t\t\t\t\t\t\t<div class=\"vbselectr\">\n\t\t\t\t\t\t\t\t<a class=\"btn vbo-pref-color-btn\" href=\"https:\/\/www.ferienwohnungen-frey.de\/Startseite.php\/zimmer-details\/\">Details<\/a>\n\t\t\t\t\t\t\t<\/div>\n\t\t\t\t\t\t<\/div>\t\t\t\n\t\t\t\t\t<\/div>\n\t\t\t\t<\/div>\n\t\t\t<\/div>\n\t\t<\/div>\n\t<\/li>\n\t\t<li class=\"room_result\">\n\t\t<div class=\"room_result-inner\">\n\t\t\t<div class=\"vblistroomblock\">\n\t\t\t\t\t\t\t<div class=\"vbimglistdiv\">\n\t\t\t\t\t<a class=\"vbo-roomslist-imglink\" href=\"https:\/\/www.ferienwohnungen-frey.de\/Startseite.php\/zimmer-details\/?roomid=2\">\n\t\t\t\t\t\t<img decoding=\"async\" src=\"https:\/\/www.ferienwohnungen-frey.de\/wp-content\/plugins\/vikbooking\/site\/resources\/uploads\/1.jpg\" alt=\"Sattelei\" class=\"vblistimg\"\/>\n\t\t\t\t\t<\/a>\n\t\t\t\t\t\t\t\t\t<div class=\"vbmodalrdetails vbo-roomslist-opengallery-cont\">\n\t\t\t\t\t\t<a href=\"javascript: void(0);\" class=\"vbo-roomslist-opengallery\" data-roomid=\"2\"><i class=\"fas fa-camera\"><\/i><\/a>\n\t\t\t\t\t<\/div>\n\t\t\t\t\t<div class=\"vikfx-gallery\" id=\"vikfx-gallery2\" style=\"display: none;\">\n\t\t\t\t\t\t\t\t\t\t\t<a href=\"https:\/\/www.ferienwohnungen-frey.de\/wp-content\/plugins\/vikbooking\/site\/resources\/uploads\/big_7.jpg\" style=\"display: none;\">\n\t\t\t\t\t\t\t<img decoding=\"async\" src=\"https:\/\/www.ferienwohnungen-frey.de\/wp-content\/plugins\/vikbooking\/site\/resources\/uploads\/thumb_7.jpg\" alt=\"7\" title=\"\" style=\"display: none;\"\/>\n\t\t\t\t\t\t<\/a>\n\t\t\t\t\t\t\t\t\t\t\t\t<a href=\"https:\/\/www.ferienwohnungen-frey.de\/wp-content\/plugins\/vikbooking\/site\/resources\/uploads\/big_dsc07574.jpg\" style=\"display: none;\">\n\t\t\t\t\t\t\t<img decoding=\"async\" src=\"https:\/\/www.ferienwohnungen-frey.de\/wp-content\/plugins\/vikbooking\/site\/resources\/uploads\/thumb_dsc07574.jpg\" alt=\"dsc07574\" title=\"\" style=\"display: none;\"\/>\n\t\t\t\t\t\t<\/a>\n\t\t\t\t\t\t\t\t\t\t\t\t<a href=\"https:\/\/www.ferienwohnungen-frey.de\/wp-content\/plugins\/vikbooking\/site\/resources\/uploads\/big_img_0396.jpg\" style=\"display: none;\">\n\t\t\t\t\t\t\t<img decoding=\"async\" src=\"https:\/\/www.ferienwohnungen-frey.de\/wp-content\/plugins\/vikbooking\/site\/resources\/uploads\/thumb_img_0396.jpg\" alt=\"img_0396\" title=\"\" style=\"display: none;\"\/>\n\t\t\t\t\t\t<\/a>\n\t\t\t\t\t\t\t\t\t\t\t\t<a href=\"https:\/\/www.ferienwohnungen-frey.de\/wp-content\/plugins\/vikbooking\/site\/resources\/uploads\/big_dsc07570.jpg\" style=\"display: none;\">\n\t\t\t\t\t\t\t<img decoding=\"async\" src=\"https:\/\/www.ferienwohnungen-frey.de\/wp-content\/plugins\/vikbooking\/site\/resources\/uploads\/thumb_dsc07570.jpg\" alt=\"dsc07570\" title=\"\" style=\"display: none;\"\/>\n\t\t\t\t\t\t<\/a>\n\t\t\t\t\t\t\t\t\t\t\t\t<a href=\"https:\/\/www.ferienwohnungen-frey.de\/wp-content\/plugins\/vikbooking\/site\/resources\/uploads\/big_screenshot_2023-05-31_161608.jpg\" style=\"display: none;\">\n\t\t\t\t\t\t\t<img decoding=\"async\" src=\"https:\/\/www.ferienwohnungen-frey.de\/wp-content\/plugins\/vikbooking\/site\/resources\/uploads\/thumb_screenshot_2023-05-31_161608.jpg\" alt=\"screenshot_2023-05-31_161608\" title=\"\" style=\"display: none;\"\/>\n\t\t\t\t\t\t<\/a>\n\t\t\t\t\t\t\t\t\t\t\t\t<a href=\"https:\/\/www.ferienwohnungen-frey.de\/wp-content\/plugins\/vikbooking\/site\/resources\/uploads\/big_rinkenturm_balkon_sdseite.jpg\" style=\"display: none;\">\n\t\t\t\t\t\t\t<img decoding=\"async\" src=\"https:\/\/www.ferienwohnungen-frey.de\/wp-content\/plugins\/vikbooking\/site\/resources\/uploads\/thumb_rinkenturm_balkon_sdseite.jpg\" alt=\"rinkenturm_balkon_sdseite\" title=\"\" style=\"display: none;\"\/>\n\t\t\t\t\t\t<\/a>\n\t\t\t\t\t\t\t\t\t\t\t\t<a href=\"https:\/\/www.ferienwohnungen-frey.de\/wp-content\/plugins\/vikbooking\/site\/resources\/uploads\/big_sattelei_loggia_talauswrts.jpg\" style=\"display: none;\">\n\t\t\t\t\t\t\t<img decoding=\"async\" src=\"https:\/\/www.ferienwohnungen-frey.de\/wp-content\/plugins\/vikbooking\/site\/resources\/uploads\/thumb_sattelei_loggia_talauswrts.jpg\" alt=\"sattelei_loggia_talauswrts\" title=\"\" style=\"display: none;\"\/>\n\t\t\t\t\t\t<\/a>\n\t\t\t\t\t\t\t\t\t\t\t\t<a href=\"https:\/\/www.ferienwohnungen-frey.de\/wp-content\/plugins\/vikbooking\/site\/resources\/uploads\/big_sattelei_loggia_taleinwrts.jpg\" style=\"display: none;\">\n\t\t\t\t\t\t\t<img decoding=\"async\" src=\"https:\/\/www.ferienwohnungen-frey.de\/wp-content\/plugins\/vikbooking\/site\/resources\/uploads\/thumb_sattelei_loggia_taleinwrts.jpg\" alt=\"sattelei_loggia_taleinwrts\" title=\"\" style=\"display: none;\"\/>\n\t\t\t\t\t\t<\/a>\n\t\t\t\t\t\t\t\t\t\t\t<\/div>\n\t\t\t\t\t\t\t\t<\/div>\n\t\t\t\t\t\t\t<div class=\"vbo-info-room\">\n\t\t\t\t\t<div class=\"vbdescrlistdiv\">\n\t\t\t\t\t\t<h4 class=\"vbrowcname\">\n\t\t\t\t\t\t\t<a href=\"https:\/\/www.ferienwohnungen-frey.de\/Startseite.php\/zimmer-details\/?roomid=2\">Sattelei<\/a>\n\t\t\t\t\t\t<\/h4>\n\t\t\t\t\t\t<span class=\"vblistroomcat\"><\/span>\n\t\t\t\t\t\t<div class=\"vbrowcdescr\">3-Zimmer-Wohnung im 1. Obergeschoss\r\nFl\u00e4che von 58 qm\r\nseparate K\u00fcche\r\n<\/div>\n\t\t\t\t\t<\/div>\n\t\t\t\t\t\t\t\t\t<div class=\"roomlist_carats\">\n\t\t\t\t\t<div class=\"vbo-room-carats\">\n<span class=\"vbo-room-carat\"><span class=\"vbo-expl\" data-vbo-expl=\"WiFi\"><i class=\"fas fa-wifi vbo-icn-carat vbo-pref-color-text\"><\/i><\/span><\/span>\n<span class=\"vbo-room-carat\"><span class=\"vbo-expl\" data-vbo-expl=\"TV\"><i class=\"fas fa-tv vbo-icn-carat vbo-pref-color-text\"><\/i><\/span><\/span>\n<span class=\"vbo-room-carat\"><span class=\"vbo-expl\" data-vbo-expl=\"Baderaum\"><i class=\"fas fa-bath vbo-icn-carat vbo-pref-color-text\"><\/i><\/span><\/span>\n<\/div>\n\t\t\t\t\t<\/div>\n\t\t\t\t\t\t\t\t\t<\/div>\n\t\t\t<\/div>\n\n\t\t\t<div class=\"vbcontdivtot\">\n\t\t\t\t<div class=\"vbdivtot\">\n\t\t\t\t\t<div class=\"vbdivtotinline\">\n\t\t\t\t\t\t<div class=\"vbsrowprice\">\n\t\t\t\t\t\t\t<div class=\"vbrowroomcapacity\">\n\t\t\t\t\t\t\t<i class=\"fas fa-male vbo-pref-color-text\"><\/i><i class=\"fas fa-male vbo-pref-color-text\"><\/i><i class=\"fas fa-male vbo-pref-color-text\"><\/i><i class=\"fas fa-male vbo-pref-color-text\"><\/i>\t\t\t\t\t\t\t<\/div>\n\t\t\t\t\t\t\t\t\t\t<div class=\"vbsrowpricediv\">\n\t\t\t\t\t\t\t\t<span class=\"room_cost\"><span class=\"vbo_currency\">\u20ac<\/span> <span class=\"vbo_price\">75<\/span><\/span>\n\t\t\t\t\t\t\t\t<span class=\"vbliststartfrom\">pro Nacht<\/span>\n\t\t\t\t\t\t\t\t\t\t\t\t\t\t\t<\/div>\n\t\t\t\t\t\t\n\t\t\t\t\t\t<\/div>\n\t\t\t\t\t\t<div class=\"vbselectordiv\">\n\t\t\t\t\t\t\t<div class=\"vbselectr\">\n\t\t\t\t\t\t\t\t<a class=\"btn vbo-pref-color-btn\" href=\"https:\/\/www.ferienwohnungen-frey.de\/Startseite.php\/zimmer-details\/?roomid=2\">Details<\/a>\n\t\t\t\t\t\t\t<\/div>\n\t\t\t\t\t\t<\/div>\t\t\t\n\t\t\t\t\t<\/div>\n\t\t\t\t<\/div>\n\t\t\t<\/div>\n\t\t<\/div>\n\t<\/li>\n\t\t<li class=\"room_result\">\n\t\t<div class=\"room_result-inner\">\n\t\t\t<div class=\"vblistroomblock\">\n\t\t\t\t\t\t\t<div class=\"vbimglistdiv\">\n\t\t\t\t\t<a class=\"vbo-roomslist-imglink\" href=\"https:\/\/www.ferienwohnungen-frey.de\/Startseite.php\/zimmer-details\/?roomid=4\">\n\t\t\t\t\t\t<img decoding=\"async\" src=\"https:\/\/www.ferienwohnungen-frey.de\/wp-content\/plugins\/vikbooking\/site\/resources\/uploads\/img_0377.jpg\" alt=\"Rinkenturm\" class=\"vblistimg\"\/>\n\t\t\t\t\t<\/a>\n\t\t\t\t\t\t\t\t\t<div class=\"vbmodalrdetails vbo-roomslist-opengallery-cont\">\n\t\t\t\t\t\t<a href=\"javascript: void(0);\" class=\"vbo-roomslist-opengallery\" data-roomid=\"4\"><i class=\"fas fa-camera\"><\/i><\/a>\n\t\t\t\t\t<\/div>\n\t\t\t\t\t<div class=\"vikfx-gallery\" id=\"vikfx-gallery4\" style=\"display: none;\">\n\t\t\t\t\t\t\t\t\t\t\t<a href=\"https:\/\/www.ferienwohnungen-frey.de\/wp-content\/plugins\/vikbooking\/site\/resources\/uploads\/big_img_0402.jpg\" style=\"display: none;\">\n\t\t\t\t\t\t\t<img decoding=\"async\" src=\"https:\/\/www.ferienwohnungen-frey.de\/wp-content\/plugins\/vikbooking\/site\/resources\/uploads\/thumb_img_0402.jpg\" alt=\"img_0402\" title=\"\" style=\"display: none;\"\/>\n\t\t\t\t\t\t<\/a>\n\t\t\t\t\t\t\t\t\t\t\t\t<a href=\"https:\/\/www.ferienwohnungen-frey.de\/wp-content\/plugins\/vikbooking\/site\/resources\/uploads\/big_img_0392.jpg\" style=\"display: none;\">\n\t\t\t\t\t\t\t<img decoding=\"async\" src=\"https:\/\/www.ferienwohnungen-frey.de\/wp-content\/plugins\/vikbooking\/site\/resources\/uploads\/thumb_img_0392.jpg\" alt=\"img_0392\" title=\"\" style=\"display: none;\"\/>\n\t\t\t\t\t\t<\/a>\n\t\t\t\t\t\t\t\t\t\t\t\t<a href=\"https:\/\/www.ferienwohnungen-frey.de\/wp-content\/plugins\/vikbooking\/site\/resources\/uploads\/big_img_0396.jpg\" style=\"display: none;\">\n\t\t\t\t\t\t\t<img decoding=\"async\" src=\"https:\/\/www.ferienwohnungen-frey.de\/wp-content\/plugins\/vikbooking\/site\/resources\/uploads\/thumb_img_0396.jpg\" alt=\"img_0396\" title=\"\" style=\"display: none;\"\/>\n\t\t\t\t\t\t<\/a>\n\t\t\t\t\t\t\t\t\t\t\t\t<a href=\"https:\/\/www.ferienwohnungen-frey.de\/wp-content\/plugins\/vikbooking\/site\/resources\/uploads\/big_img_0387.jpg\" style=\"display: none;\">\n\t\t\t\t\t\t\t<img decoding=\"async\" src=\"https:\/\/www.ferienwohnungen-frey.de\/wp-content\/plugins\/vikbooking\/site\/resources\/uploads\/thumb_img_0387.jpg\" alt=\"img_0387\" title=\"\" style=\"display: none;\"\/>\n\t\t\t\t\t\t<\/a>\n\t\t\t\t\t\t\t\t\t\t\t\t<a href=\"https:\/\/www.ferienwohnungen-frey.de\/wp-content\/plugins\/vikbooking\/site\/resources\/uploads\/big_rinkenturm_balkon_westseite.jpg\" style=\"display: none;\">\n\t\t\t\t\t\t\t<img decoding=\"async\" src=\"https:\/\/www.ferienwohnungen-frey.de\/wp-content\/plugins\/vikbooking\/site\/resources\/uploads\/thumb_rinkenturm_balkon_westseite.jpg\" alt=\"rinkenturm_balkon_westseite\" title=\"\" style=\"display: none;\"\/>\n\t\t\t\t\t\t<\/a>\n\t\t\t\t\t\t\t\t\t\t\t\t<a href=\"https:\/\/www.ferienwohnungen-frey.de\/wp-content\/plugins\/vikbooking\/site\/resources\/uploads\/big_rinkenturm_balkon_sdseite.jpg\" style=\"display: none;\">\n\t\t\t\t\t\t\t<img decoding=\"async\" src=\"https:\/\/www.ferienwohnungen-frey.de\/wp-content\/plugins\/vikbooking\/site\/resources\/uploads\/thumb_rinkenturm_balkon_sdseite.jpg\" alt=\"rinkenturm_balkon_sdseite\" title=\"\" style=\"display: none;\"\/>\n\t\t\t\t\t\t<\/a>\n\t\t\t\t\t\t\t\t\t\t\t\t<a href=\"https:\/\/www.ferienwohnungen-frey.de\/wp-content\/plugins\/vikbooking\/site\/resources\/uploads\/big_screenshot_2023-06-09_190921.jpg\" style=\"display: none;\">\n\t\t\t\t\t\t\t<img decoding=\"async\" src=\"https:\/\/www.ferienwohnungen-frey.de\/wp-content\/plugins\/vikbooking\/site\/resources\/uploads\/thumb_screenshot_2023-06-09_190921.jpg\" alt=\"screenshot_2023-06-09_190921\" title=\"\" style=\"display: none;\"\/>\n\t\t\t\t\t\t<\/a>\n\t\t\t\t\t\t\t\t\t\t\t<\/div>\n\t\t\t\t\t\t\t\t<\/div>\n\t\t\t\t\t\t\t<div class=\"vbo-info-room\">\n\t\t\t\t\t<div class=\"vbdescrlistdiv\">\n\t\t\t\t\t\t<h4 class=\"vbrowcname\">\n\t\t\t\t\t\t\t<a href=\"https:\/\/www.ferienwohnungen-frey.de\/Startseite.php\/zimmer-details\/?roomid=4\">Rinkenturm<\/a>\n\t\t\t\t\t\t<\/h4>\n\t\t\t\t\t\t<span class=\"vblistroomcat\"><\/span>\n\t\t\t\t\t\t<div class=\"vbrowcdescr\">3-Zimmer-Wohnung im 2. Obergescho\u00df, 62 qm, bis 4 Personen.\r\nWohn-\/Esszimmer, halboffene K\u00fcche mit Herd, Backofen, Geschirrsp\u00fclmaschine, voll ausgestattet. \r\n1 abgeschlossenes Schlafzimmer mit Doppelbett,\r\n1 offenes Schlafzimmer im Studio (\u00fcber Wendeltreppe) mit Doppelbett.\r\n  Dusche\/WC mit Handtuchw\u00e4rmer und F\u00f6n. \r\n\r\n1 Balkon im Wohnbereich, Balkonm\u00f6bel.\r\nKabel-TV, Wlan kostenlos, CD-Radio. \r\n\r\n <\/div>\n\t\t\t\t\t<\/div>\n\t\t\t\t\t\t\t\t\t<div class=\"roomlist_carats\">\n\t\t\t\t\t<div class=\"vbo-room-carats\">\n<span class=\"vbo-room-carat\"><span class=\"vbo-expl\" data-vbo-expl=\"WiFi\"><i class=\"fas fa-wifi vbo-icn-carat vbo-pref-color-text\"><\/i><\/span><\/span>\n<span class=\"vbo-room-carat\"><span class=\"vbo-expl\" data-vbo-expl=\"TV\"><i class=\"fas fa-tv vbo-icn-carat vbo-pref-color-text\"><\/i><\/span><\/span>\n<span class=\"vbo-room-carat\"><span class=\"vbo-expl\" data-vbo-expl=\"Baderaum\"><i class=\"fas fa-bath vbo-icn-carat vbo-pref-color-text\"><\/i><\/span><\/span>\n<\/div>\n\t\t\t\t\t<\/div>\n\t\t\t\t\t\t\t\t\t<\/div>\n\t\t\t<\/div>\n\n\t\t\t<div class=\"vbcontdivtot\">\n\t\t\t\t<div class=\"vbdivtot\">\n\t\t\t\t\t<div class=\"vbdivtotinline\">\n\t\t\t\t\t\t<div class=\"vbsrowprice\">\n\t\t\t\t\t\t\t<div class=\"vbrowroomcapacity\">\n\t\t\t\t\t\t\t<i class=\"fas fa-male vbo-pref-color-text\"><\/i><i class=\"fas fa-male vbo-pref-color-text\"><\/i><i class=\"fas fa-male vbo-pref-color-text\"><\/i><i class=\"fas fa-male vbo-pref-color-text\"><\/i>\t\t\t\t\t\t\t<\/div>\n\t\t\t\t\t\t\t\t\t\t<div class=\"vbsrowpricediv\">\n\t\t\t\t\t\t\t\t<span class=\"room_cost\"><span class=\"vbo_currency\">\u20ac<\/span> <span class=\"vbo_price\">75<\/span><\/span>\n\t\t\t\t\t\t\t\t<span class=\"vbliststartfrom\">Pro Nacht<\/span>\n\t\t\t\t\t\t\t\t\t\t\t\t\t\t\t<\/div>\n\t\t\t\t\t\t\n\t\t\t\t\t\t<\/div>\n\t\t\t\t\t\t<div class=\"vbselectordiv\">\n\t\t\t\t\t\t\t<div class=\"vbselectr\">\n\t\t\t\t\t\t\t\t<a class=\"btn vbo-pref-color-btn\" href=\"https:\/\/www.ferienwohnungen-frey.de\/Startseite.php\/zimmer-details\/?roomid=4\">Details<\/a>\n\t\t\t\t\t\t\t<\/div>\n\t\t\t\t\t\t<\/div>\t\t\t\n\t\t\t\t\t<\/div>\n\t\t\t\t<\/div>\n\t\t\t<\/div>\n\t\t<\/div>\n\t<\/li>\n\t<\/ul>\n<\/div>\n\n\n<\/div>\n<\/div>\n\t\t\t\t\t\t<\/div>\n\t\t\t\t<\/div>\n\t\t\t\t\t<\/div>\n\t\t<\/div>\n\t\t\t\t\t<\/div>\n\t\t<\/section>\n\t\t\t\t<\/div>\n\t\t","protected":false},"excerpt":{"rendered":"","protected":false},"author":1,"featured_media":0,"parent":320,"menu_order":0,"comment_status":"closed","ping_status":"closed","template":"","meta":{"pgc_sgb_lightbox_settings":"","footnotes":""},"class_list":["post-376","page","type-page","status-publish","hentry","entry"],"aioseo_notices":[],"_links":{"self":[{"href":"https:\/\/www.ferienwohnungen-frey.de\/Startseite.php\/wp-json\/wp\/v2\/pages\/376","targetHints":{"allow":["GET"]}}],"collection":[{"href":"https:\/\/www.ferienwohnungen-frey.de\/Startseite.php\/wp-json\/wp\/v2\/pages"}],"about":[{"href":"https:\/\/www.ferienwohnungen-frey.de\/Startseite.php\/wp-json\/wp\/v2\/types\/page"}],"author":[{"embeddable":true,"href":"https:\/\/www.ferienwohnungen-frey.de\/Startseite.php\/wp-json\/wp\/v2\/users\/1"}],"replies":[{"embeddable":true,"href":"https:\/\/www.ferienwohnungen-frey.de\/Startseite.php\/wp-json\/wp\/v2\/comments?post=376"}],"version-history":[{"count":12,"href":"https:\/\/www.ferienwohnungen-frey.de\/Startseite.php\/wp-json\/wp\/v2\/pages\/376\/revisions"}],"predecessor-version":[{"id":1475,"href":"https:\/\/www.ferienwohnungen-frey.de\/Startseite.php\/wp-json\/wp\/v2\/pages\/376\/revisions\/1475"}],"up":[{"embeddable":true,"href":"https:\/\/www.ferienwohnungen-frey.de\/Startseite.php\/wp-json\/wp\/v2\/pages\/320"}],"wp:attachment":[{"href":"https:\/\/www.ferienwohnungen-frey.de\/Startseite.php\/wp-json\/wp\/v2\/media?parent=376"}],"curies":[{"name":"wp","href":"https:\/\/api.w.org\/{rel}","templated":true}]}}